{"id":723,"date":"2024-12-05T18:45:50","date_gmt":"2024-12-05T17:45:50","guid":{"rendered":"https:\/\/velasartesanalesmasroses.es\/?post_type=product&#038;p=723"},"modified":"2024-12-05T18:45:50","modified_gmt":"2024-12-05T17:45:50","slug":"vela-budo","status":"publish","type":"product","link":"https:\/\/velasartesanalesmasroses.es\/en\/product\/vela-budo\/","title":{"rendered":"Budo Candle"},"content":{"rendered":"<p>Height: 20 cm.<\/p>\n<p>Available in 4 colors.<\/p>\n<p>If you wish to customize the color of the candle, please contact us.<\/p>\n<p>Cylindrical candle of 20 cm. height and 7 cm. diameter with the kanji of the Japanese word Budo.<\/p>\n<p>Ideal for decorating the home or any dojo where any martial art is practiced. A perfect gift for those who pass their black belt exams or a new dan.<\/p>\n<p>More than 160 hours on without affecting writing.<\/p>\n<p>Handcrafted in Spain.<\/p>","protected":false},"excerpt":{"rendered":"<p>Altura: 20 cm. Disponible en 4 colores. Si desea personalizar el color de la vela, cont\u00e1ctenos. Vela cil\u00edndrica de 20 cm. de altura y 7 cm. de di\u00e1metro con los kanji de la palabra japonesa Budo. Ideal para la decoraci\u00f3n del hogar o de cualquier dojo donde se practique cualquier arte marcial. Un regalo perfecto [&hellip;]<\/p>","protected":false},"featured_media":724,"template":"","meta":[],"product_brand":[],"product_cat":[36,32],"product_tag":[],"class_list":{"0":"post-723","1":"product","2":"type-product","3":"status-publish","4":"has-post-thumbnail","6":"product_cat-coleccion-budo","7":"product_cat-especiales","9":"first","10":"instock","11":"shipping-taxable","12":"purchasable","13":"product-type-simple"},"_links":{"self":[{"href":"https:\/\/velasartesanalesmasroses.es\/en\/wp-json\/wp\/v2\/product\/723","targetHints":{"allow":["GET"]}}],"collection":[{"href":"https:\/\/velasartesanalesmasroses.es\/en\/wp-json\/wp\/v2\/product"}],"about":[{"href":"https:\/\/velasartesanalesmasroses.es\/en\/wp-json\/wp\/v2\/types\/product"}],"wp:featuredmedia":[{"embeddable":true,"href":"https:\/\/velasartesanalesmasroses.es\/en\/wp-json\/wp\/v2\/media\/724"}],"wp:attachment":[{"href":"https:\/\/velasartesanalesmasroses.es\/en\/wp-json\/wp\/v2\/media?parent=723"}],"wp:term":[{"taxonomy":"product_brand","embeddable":true,"href":"https:\/\/velasartesanalesmasroses.es\/en\/wp-json\/wp\/v2\/product_brand?post=723"},{"taxonomy":"product_cat","embeddable":true,"href":"https:\/\/velasartesanalesmasroses.es\/en\/wp-json\/wp\/v2\/product_cat?post=723"},{"taxonomy":"product_tag","embeddable":true,"href":"https:\/\/velasartesanalesmasroses.es\/en\/wp-json\/wp\/v2\/product_tag?post=723"}],"curies":[{"name":"wp","href":"https:\/\/api.w.org\/{rel}","templated":true}]}}

<p>Altura: 20 cm. Disponible en 4 colores. Si desea personalizar el color de la vela, contáctenos. Vela cilíndrica de 20 cm. de altura y 7 cm. de diámetro con los kanji de la palabra japonesa Budo. Ideal para la decoración del hogar o de cualquier dojo donde se practique cualquier arte marcial. Un regalo perfecto [&hellip;]</p>
