{"id":742,"date":"2024-12-05T19:00:04","date_gmt":"2024-12-05T18:00:04","guid":{"rendered":"https:\/\/velasartesanalesmasroses.es\/?post_type=product&#038;p=742"},"modified":"2024-12-05T19:00:04","modified_gmt":"2024-12-05T18:00:04","slug":"san-santiago-el-menor","status":"publish","type":"product","link":"https:\/\/velasartesanalesmasroses.es\/en\/product\/san-santiago-el-menor\/","title":{"rendered":"St. James the Less"},"content":{"rendered":"<div class=\"ql-block\" data-block-id=\"block-1c7c2c8c-2e18-4d5f-af0d-e8ea6ac09525\">Height: + 30 cm.<\/div>\n<div class=\"ql-block\" data-block-id=\"block-8c28f415-71e7-44bd-9b3f-8270464f2754\">Hand carved and hand painted.<\/div>\n<div class=\"ql-block\" data-block-id=\"block-04fb190a-ae9f-4b6d-a4a1-f93262e5707e\">High craftsmanship.<\/div>\n<div class=\"ql-block\" data-block-id=\"block-88a85fff-b109-4c50-a0ca-eb083d3ebf6d\">Wooden stand NOT included.<br \/>\nVela cil\u00edndrica con representaci\u00f3n de San Santiago El Menor. Vela de m\u00e1s 30 cm. de altura y 7 cm. de di\u00e1metro. Larga duraci\u00f3n de su encendido.<\/p>\n<p>Work of high craftsmanship. Each of the figures has its own expression.<\/p>\n<p>Hand carved and hand painted.<\/p>\n<p>Individually handcrafted and handmade.<\/p>\n<p>Wooden stand NOT included.<\/p>\n<\/div>","protected":false},"excerpt":{"rendered":"<div class=\"ql-block\" data-block-id=\"block-1c7c2c8c-2e18-4d5f-af0d-e8ea6ac09525\">Height: + 30 cm.<\/div>\n<div class=\"ql-block\" data-block-id=\"block-8c28f415-71e7-44bd-9b3f-8270464f2754\">Hand carved and hand painted.<\/div>\n<div class=\"ql-block\" data-block-id=\"block-04fb190a-ae9f-4b6d-a4a1-f93262e5707e\">High craftsmanship.<\/div>\n<div class=\"ql-block\" data-block-id=\"block-88a85fff-b109-4c50-a0ca-eb083d3ebf6d\">Wooden stand NOT included.<br \/>\nVela cil\u00edndrica con representaci\u00f3n de San Santiago El Menor. Vela de m\u00e1s 30 cm. de altura y 7 cm. de di\u00e1metro. Larga duraci\u00f3n de su encendido.<\/p>\n<p>Work of high craftsmanship. Each of the figures has its own expression.<\/p>\n<p>Hand carved and hand painted.<\/p>\n<p>Individually handcrafted and handmade.<\/p>\n<p>Wooden stand NOT included.<\/p>\n<\/div>","protected":false},"featured_media":743,"template":"","meta":[],"product_brand":[],"product_cat":[32,38],"product_tag":[],"class_list":{"0":"post-742","1":"product","2":"type-product","3":"status-publish","4":"has-post-thumbnail","6":"product_cat-especiales","7":"product_cat-liturgicas","9":"first","10":"instock","11":"shipping-taxable","12":"purchasable","13":"product-type-simple"},"_links":{"self":[{"href":"https:\/\/velasartesanalesmasroses.es\/en\/wp-json\/wp\/v2\/product\/742","targetHints":{"allow":["GET"]}}],"collection":[{"href":"https:\/\/velasartesanalesmasroses.es\/en\/wp-json\/wp\/v2\/product"}],"about":[{"href":"https:\/\/velasartesanalesmasroses.es\/en\/wp-json\/wp\/v2\/types\/product"}],"wp:featuredmedia":[{"embeddable":true,"href":"https:\/\/velasartesanalesmasroses.es\/en\/wp-json\/wp\/v2\/media\/743"}],"wp:attachment":[{"href":"https:\/\/velasartesanalesmasroses.es\/en\/wp-json\/wp\/v2\/media?parent=742"}],"wp:term":[{"taxonomy":"product_brand","embeddable":true,"href":"https:\/\/velasartesanalesmasroses.es\/en\/wp-json\/wp\/v2\/product_brand?post=742"},{"taxonomy":"product_cat","embeddable":true,"href":"https:\/\/velasartesanalesmasroses.es\/en\/wp-json\/wp\/v2\/product_cat?post=742"},{"taxonomy":"product_tag","embeddable":true,"href":"https:\/\/velasartesanalesmasroses.es\/en\/wp-json\/wp\/v2\/product_tag?post=742"}],"curies":[{"name":"wp","href":"https:\/\/api.w.org\/{rel}","templated":true}]}}

<div class="ql-block" data-block-id="block-1c7c2c8c-2e18-4d5f-af0d-e8ea6ac09525">Height: + 30 cm.</div>
<div class="ql-block" data-block-id="block-8c28f415-71e7-44bd-9b3f-8270464f2754">Hand carved and hand painted.</div>
<div class="ql-block" data-block-id="block-04fb190a-ae9f-4b6d-a4a1-f93262e5707e">High craftsmanship.</div>
<div class="ql-block" data-block-id="block-88a85fff-b109-4c50-a0ca-eb083d3ebf6d">Wooden stand NOT included.<br />
Vela cilíndrica con representación de San Santiago El Menor. Vela de más 30 cm. de altura y 7 cm. de diámetro. Larga duración de su encendido.</p>
<p>Work of high craftsmanship. Each of the figures has its own expression.</p>
<p>Hand carved and hand painted.</p>
<p>Individually handcrafted and handmade.</p>
<p>Wooden stand NOT included.</p>
</div>
