{"id":744,"date":"2024-12-05T19:01:03","date_gmt":"2024-12-05T18:01:03","guid":{"rendered":"https:\/\/velasartesanalesmasroses.es\/?post_type=product&#038;p=744"},"modified":"2024-12-05T19:01:03","modified_gmt":"2024-12-05T18:01:03","slug":"san-juan","status":"publish","type":"product","link":"https:\/\/velasartesanalesmasroses.es\/en\/product\/san-juan\/","title":{"rendered":"San Juan"},"content":{"rendered":"<div class=\"ql-block\" data-block-id=\"block-9768f20c-7f09-4eac-b7ac-84c226ce3cd7\">\n<div class=\"ql-block\" data-block-id=\"block-9768f20c-7f09-4eac-b7ac-84c226ce3cd7\">Height: + 30 cm.<\/div>\n<div class=\"ql-block\" data-block-id=\"block-2aa6c0b4-5174-47a9-9277-3f49faf96a74\">Hand carved and hand painted.<\/div>\n<div class=\"ql-block\" data-block-id=\"block-2386a92c-a31a-410b-a037-402138ace575\">High craftsmanship.<\/div>\n<div class=\"ql-block\" data-block-id=\"block-bb2175ff-ea02-4db0-ae6e-da5ff03b421b\">Wooden stand NOT included.<\/div>\n<div data-block-id=\"block-bb2175ff-ea02-4db0-ae6e-da5ff03b421b\">\n<p>Vela cil\u00edndrica con representaci\u00f3n de San Juan. Vela de m\u00e1s 30 cm. de altura y 7 cm. de di\u00e1metro. Larga duraci\u00f3n de su encendido.<\/p>\n<p>Work of high craftsmanship. Each of the figures has its own expression.<\/p>\n<p>Hand carved and hand painted.<\/p>\n<p>Individually handcrafted and handmade.<\/p>\n<p>Wooden stand NOT included.<\/p>\n<\/div>\n<\/div>","protected":false},"excerpt":{"rendered":"<div class=\"ql-block\" data-block-id=\"block-9768f20c-7f09-4eac-b7ac-84c226ce3cd7\">Height: + 30 cm.<\/div>\n<div class=\"ql-block\" data-block-id=\"block-2aa6c0b4-5174-47a9-9277-3f49faf96a74\">Hand carved and hand painted.<\/div>\n<div class=\"ql-block\" data-block-id=\"block-2386a92c-a31a-410b-a037-402138ace575\">High craftsmanship.<\/div>\n<div class=\"ql-block\" data-block-id=\"block-bb2175ff-ea02-4db0-ae6e-da5ff03b421b\">Wooden stand NOT included.<\/div>\n<div data-block-id=\"block-bb2175ff-ea02-4db0-ae6e-da5ff03b421b\">\n<p>Vela cil\u00edndrica con representaci\u00f3n de San Juan. Vela de m\u00e1s 30 cm. de altura y 7 cm. de di\u00e1metro. Larga duraci\u00f3n de su encendido.<\/p>\n<p>Work of high craftsmanship. Each of the figures has its own expression.<\/p>\n<p>Hand carved and hand painted.<\/p>\n<p>Individually handcrafted and handmade.<\/p>\n<p>Wooden stand NOT included.<\/p>\n<\/div>","protected":false},"featured_media":745,"template":"","meta":[],"product_brand":[],"product_cat":[32,38],"product_tag":[],"class_list":{"0":"post-744","1":"product","2":"type-product","3":"status-publish","4":"has-post-thumbnail","6":"product_cat-especiales","7":"product_cat-liturgicas","9":"first","10":"instock","11":"shipping-taxable","12":"purchasable","13":"product-type-simple"},"_links":{"self":[{"href":"https:\/\/velasartesanalesmasroses.es\/en\/wp-json\/wp\/v2\/product\/744","targetHints":{"allow":["GET"]}}],"collection":[{"href":"https:\/\/velasartesanalesmasroses.es\/en\/wp-json\/wp\/v2\/product"}],"about":[{"href":"https:\/\/velasartesanalesmasroses.es\/en\/wp-json\/wp\/v2\/types\/product"}],"wp:featuredmedia":[{"embeddable":true,"href":"https:\/\/velasartesanalesmasroses.es\/en\/wp-json\/wp\/v2\/media\/745"}],"wp:attachment":[{"href":"https:\/\/velasartesanalesmasroses.es\/en\/wp-json\/wp\/v2\/media?parent=744"}],"wp:term":[{"taxonomy":"product_brand","embeddable":true,"href":"https:\/\/velasartesanalesmasroses.es\/en\/wp-json\/wp\/v2\/product_brand?post=744"},{"taxonomy":"product_cat","embeddable":true,"href":"https:\/\/velasartesanalesmasroses.es\/en\/wp-json\/wp\/v2\/product_cat?post=744"},{"taxonomy":"product_tag","embeddable":true,"href":"https:\/\/velasartesanalesmasroses.es\/en\/wp-json\/wp\/v2\/product_tag?post=744"}],"curies":[{"name":"wp","href":"https:\/\/api.w.org\/{rel}","templated":true}]}}

<div class="ql-block" data-block-id="block-9768f20c-7f09-4eac-b7ac-84c226ce3cd7">
<div class="ql-block" data-block-id="block-9768f20c-7f09-4eac-b7ac-84c226ce3cd7">Height: + 30 cm.</div>
<div class="ql-block" data-block-id="block-2aa6c0b4-5174-47a9-9277-3f49faf96a74">Hand carved and hand painted.</div>
<div class="ql-block" data-block-id="block-2386a92c-a31a-410b-a037-402138ace575">High craftsmanship.</div>
<div class="ql-block" data-block-id="block-bb2175ff-ea02-4db0-ae6e-da5ff03b421b">Wooden stand NOT included.</div>
<div data-block-id="block-bb2175ff-ea02-4db0-ae6e-da5ff03b421b">
<p>Vela cilíndrica con representación de San Juan. Vela de más 30 cm. de altura y 7 cm. de diámetro. Larga duración de su encendido.</p>
<p>Work of high craftsmanship. Each of the figures has its own expression.</p>
<p>Hand carved and hand painted.</p>
<p>Individually handcrafted and handmade.</p>
<p>Wooden stand NOT included.</p>
</div>
</div>

<div class="ql-block" data-block-id="block-9768f20c-7f09-4eac-b7ac-84c226ce3cd7">Height: + 30 cm.</div>
<div class="ql-block" data-block-id="block-2aa6c0b4-5174-47a9-9277-3f49faf96a74">Hand carved and hand painted.</div>
<div class="ql-block" data-block-id="block-2386a92c-a31a-410b-a037-402138ace575">High craftsmanship.</div>
<div class="ql-block" data-block-id="block-bb2175ff-ea02-4db0-ae6e-da5ff03b421b">Wooden stand NOT included.</div>
<div data-block-id="block-bb2175ff-ea02-4db0-ae6e-da5ff03b421b">
<p>Vela cilíndrica con representación de San Juan. Vela de más 30 cm. de altura y 7 cm. de diámetro. Larga duración de su encendido.</p>
<p>Work of high craftsmanship. Each of the figures has its own expression.</p>
<p>Hand carved and hand painted.</p>
<p>Individually handcrafted and handmade.</p>
<p>Wooden stand NOT included.</p>
</div>
