{"id":752,"date":"2024-12-05T19:10:51","date_gmt":"2024-12-05T18:10:51","guid":{"rendered":"https:\/\/velasartesanalesmasroses.es\/?post_type=product&#038;p=752"},"modified":"2024-12-05T19:10:51","modified_gmt":"2024-12-05T18:10:51","slug":"san-bartolome","status":"publish","type":"product","link":"https:\/\/velasartesanalesmasroses.es\/en\/product\/san-bartolome\/","title":{"rendered":"St. Bartholomew's"},"content":{"rendered":"<p>Height: + 30 cm.<\/p>\n<p>Hand carved and hand painted.<\/p>\n<p>High craftsmanship.<\/p>\n<p>Wooden stand NOT included.<\/p>\n<p>Vela cil\u00edndrica con representaci\u00f3n de San Bartolom\u00e9. Vela de m\u00e1s 30 cm. de altura y 7 cm. de di\u00e1metro. Larga duraci\u00f3n de su encendido.<\/p>\n<p>Work of high craftsmanship. Each of the figures has its own expression.<\/p>\n<p>Hand carved and hand painted.<\/p>\n<p>Individually handcrafted and handmade.<\/p>\n<p>Wooden stand NOT included.<\/p>","protected":false},"excerpt":{"rendered":"<p>Height: + 30 cm.<\/p>\n<p>Hand carved and hand painted.<\/p>\n<p>High craftsmanship.<\/p>\n<p>Wooden stand NOT included.<\/p>\n<p>Vela cil\u00edndrica con representaci\u00f3n de San Bartolom\u00e9. Vela de m\u00e1s 30 cm. de altura y 7 cm. de di\u00e1metro. Larga duraci\u00f3n de su encendido.<\/p>\n<p>Work of high craftsmanship. Each of the figures has its own expression.<\/p>\n<p>Hand carved and hand painted.<\/p>\n<p>Individually handcrafted and handmade.<\/p>\n<p>Wooden stand NOT included.<\/p>","protected":false},"featured_media":753,"template":"","meta":[],"product_brand":[],"product_cat":[32,38],"product_tag":[],"class_list":{"0":"post-752","1":"product","2":"type-product","3":"status-publish","4":"has-post-thumbnail","6":"product_cat-especiales","7":"product_cat-liturgicas","9":"first","10":"instock","11":"shipping-taxable","12":"purchasable","13":"product-type-simple"},"_links":{"self":[{"href":"https:\/\/velasartesanalesmasroses.es\/en\/wp-json\/wp\/v2\/product\/752","targetHints":{"allow":["GET"]}}],"collection":[{"href":"https:\/\/velasartesanalesmasroses.es\/en\/wp-json\/wp\/v2\/product"}],"about":[{"href":"https:\/\/velasartesanalesmasroses.es\/en\/wp-json\/wp\/v2\/types\/product"}],"wp:featuredmedia":[{"embeddable":true,"href":"https:\/\/velasartesanalesmasroses.es\/en\/wp-json\/wp\/v2\/media\/753"}],"wp:attachment":[{"href":"https:\/\/velasartesanalesmasroses.es\/en\/wp-json\/wp\/v2\/media?parent=752"}],"wp:term":[{"taxonomy":"product_brand","embeddable":true,"href":"https:\/\/velasartesanalesmasroses.es\/en\/wp-json\/wp\/v2\/product_brand?post=752"},{"taxonomy":"product_cat","embeddable":true,"href":"https:\/\/velasartesanalesmasroses.es\/en\/wp-json\/wp\/v2\/product_cat?post=752"},{"taxonomy":"product_tag","embeddable":true,"href":"https:\/\/velasartesanalesmasroses.es\/en\/wp-json\/wp\/v2\/product_tag?post=752"}],"curies":[{"name":"wp","href":"https:\/\/api.w.org\/{rel}","templated":true}]}}

<p>Height: + 30 cm.</p>
<p>Hand carved and hand painted.</p>
<p>High craftsmanship.</p>
<p>Wooden stand NOT included.</p>
<p>Vela cilíndrica con representación de San Bartolomé. Vela de más 30 cm. de altura y 7 cm. de diámetro. Larga duración de su encendido.</p>
<p>Work of high craftsmanship. Each of the figures has its own expression.</p>
<p>Hand carved and hand painted.</p>
<p>Individually handcrafted and handmade.</p>
<p>Wooden stand NOT included.</p>
