{"id":754,"date":"2024-12-05T19:11:41","date_gmt":"2024-12-05T18:11:41","guid":{"rendered":"https:\/\/velasartesanalesmasroses.es\/?post_type=product&#038;p=754"},"modified":"2024-12-05T19:11:41","modified_gmt":"2024-12-05T18:11:41","slug":"san-santiago-el-mayor","status":"publish","type":"product","link":"https:\/\/velasartesanalesmasroses.es\/en\/product\/san-santiago-el-mayor\/","title":{"rendered":"St. James the Greater"},"content":{"rendered":"<div class=\"ql-block\" data-block-id=\"block-e1af6912-2c2d-4ce7-9697-eb9de5cabe32\">Height: + 30 cm.<\/div>\n<div class=\"ql-block\" data-block-id=\"block-996330c2-952b-4dc0-a817-5fc49cf48b27\">Hand carved and hand painted.<\/div>\n<div class=\"ql-block\" data-block-id=\"block-6d92e24e-b057-4fcf-af01-1e2bef7f4d77\">High craftsmanship.<\/div>\n<div class=\"ql-block\" data-block-id=\"block-f352782e-02d8-4790-8a20-f52df3e05a93\">Wooden stand NOT included.<\/div>\n<div data-block-id=\"block-f352782e-02d8-4790-8a20-f52df3e05a93\">\n<p>Vela cil\u00edndrica con representaci\u00f3n de San Santiago El Mayor. Vela de m\u00e1s 30 cm. de altura y 7 cm. de di\u00e1metro. Larga duraci\u00f3n de su encendido.<\/p>\n<p>Work of high craftsmanship. Each of the figures has its own expression.<\/p>\n<p>Hand carved and hand painted.<\/p>\n<p>Individually handcrafted and handmade.<\/p>\n<p>Wooden stand NOT included.<\/p>\n<\/div>","protected":false},"excerpt":{"rendered":"<div class=\"ql-block\" data-block-id=\"block-e1af6912-2c2d-4ce7-9697-eb9de5cabe32\">Height: + 30 cm.<\/div>\n<div class=\"ql-block\" data-block-id=\"block-996330c2-952b-4dc0-a817-5fc49cf48b27\">Hand carved and hand painted.<\/div>\n<div class=\"ql-block\" data-block-id=\"block-6d92e24e-b057-4fcf-af01-1e2bef7f4d77\">High craftsmanship.<\/div>\n<div class=\"ql-block\" data-block-id=\"block-f352782e-02d8-4790-8a20-f52df3e05a93\">Wooden stand NOT included.<\/div>\n<div data-block-id=\"block-f352782e-02d8-4790-8a20-f52df3e05a93\">\n<p>Vela cil\u00edndrica con representaci\u00f3n de San Santiago El Mayor. Vela de m\u00e1s 30 cm. de altura y 7 cm. de di\u00e1metro. Larga duraci\u00f3n de su encendido.<\/p>\n<p>Work of high craftsmanship. Each of the figures has its own expression.<\/p>\n<p>Hand carved and hand painted.<\/p>\n<p>Individually handcrafted and handmade.<\/p>\n<p>Wooden stand NOT included.<\/p>\n<\/div>","protected":false},"featured_media":755,"template":"","meta":[],"product_brand":[],"product_cat":[32,38],"product_tag":[],"class_list":{"0":"post-754","1":"product","2":"type-product","3":"status-publish","4":"has-post-thumbnail","6":"product_cat-especiales","7":"product_cat-liturgicas","9":"first","10":"instock","11":"shipping-taxable","12":"purchasable","13":"product-type-simple"},"_links":{"self":[{"href":"https:\/\/velasartesanalesmasroses.es\/en\/wp-json\/wp\/v2\/product\/754","targetHints":{"allow":["GET"]}}],"collection":[{"href":"https:\/\/velasartesanalesmasroses.es\/en\/wp-json\/wp\/v2\/product"}],"about":[{"href":"https:\/\/velasartesanalesmasroses.es\/en\/wp-json\/wp\/v2\/types\/product"}],"wp:featuredmedia":[{"embeddable":true,"href":"https:\/\/velasartesanalesmasroses.es\/en\/wp-json\/wp\/v2\/media\/755"}],"wp:attachment":[{"href":"https:\/\/velasartesanalesmasroses.es\/en\/wp-json\/wp\/v2\/media?parent=754"}],"wp:term":[{"taxonomy":"product_brand","embeddable":true,"href":"https:\/\/velasartesanalesmasroses.es\/en\/wp-json\/wp\/v2\/product_brand?post=754"},{"taxonomy":"product_cat","embeddable":true,"href":"https:\/\/velasartesanalesmasroses.es\/en\/wp-json\/wp\/v2\/product_cat?post=754"},{"taxonomy":"product_tag","embeddable":true,"href":"https:\/\/velasartesanalesmasroses.es\/en\/wp-json\/wp\/v2\/product_tag?post=754"}],"curies":[{"name":"wp","href":"https:\/\/api.w.org\/{rel}","templated":true}]}}

<div class="ql-block" data-block-id="block-e1af6912-2c2d-4ce7-9697-eb9de5cabe32">Height: + 30 cm.</div>
<div class="ql-block" data-block-id="block-996330c2-952b-4dc0-a817-5fc49cf48b27">Hand carved and hand painted.</div>
<div class="ql-block" data-block-id="block-6d92e24e-b057-4fcf-af01-1e2bef7f4d77">High craftsmanship.</div>
<div class="ql-block" data-block-id="block-f352782e-02d8-4790-8a20-f52df3e05a93">Wooden stand NOT included.</div>
<div data-block-id="block-f352782e-02d8-4790-8a20-f52df3e05a93">
<p>Vela cilíndrica con representación de San Santiago El Mayor. Vela de más 30 cm. de altura y 7 cm. de diámetro. Larga duración de su encendido.</p>
<p>Work of high craftsmanship. Each of the figures has its own expression.</p>
<p>Hand carved and hand painted.</p>
<p>Individually handcrafted and handmade.</p>
<p>Wooden stand NOT included.</p>
</div>
